{"id":38859,"date":"2021-11-30T17:45:31","date_gmt":"2021-11-30T17:45:31","guid":{"rendered":"https:\/\/www.salarich.net?p=38859"},"modified":"2023-10-24T14:51:15","modified_gmt":"2023-10-24T14:51:15","slug":"entenca","status":"publish","type":"estate","link":"https:\/\/www.salarich.net\/es\/immobles\/parquing-es\/barcelona-es\/entenca\/","title":{"rendered":"Enten\u00e7a"},"content":{"rendered":"<div class=\"wpb-content-wrapper\"><p>[vc_row][vc_column][vc_column_text]Plaza de p\u00e1rquing de moto en alquiler en finca de vecinos en la calle Enten\u00e7a,<br \/>\nMuy buena ubicaci\u00f3n en pleno barrio de Sant Antoni.<br \/>\nDisponemos de varias plazas disponibles de diferentes medidas y precios. en el mismo garaje.<br \/>\nPara m\u00e1s informaci\u00f3n p\u00f3ngase en contacto con nostros.[\/vc_column_text][\/vc_column][\/vc_row]<\/p>\n<\/div>","protected":false},"excerpt":{"rendered":"<p>[vc_row][vc_column][vc_column_text]Plaza de p\u00e1rquing de moto en alquiler en finca de vecinos en la calle Enten\u00e7a, Muy buena ubicaci\u00f3n en pleno barrio de Sant Antoni. Disponemos de varias plazas disponibles de diferentes medidas y precios. en el mismo garaje. Para m\u00e1s informaci\u00f3n p\u00f3ngase en contacto con nostros.[\/vc_column_text][\/vc_column][\/vc_row]<\/p>\n","protected":false},"author":1002,"featured_media":0,"template":"","tipus-immoble":[586],"lloguer-venda":[588],"ciutat":[595],"zona":[608],"features":[],"planta":[],"tour-virtual":[],"class_list":["post-38859","estate","type-estate","status-publish","hentry","tipus-immoble-parquing-es","lloguer-venda-alquiler","ciutat-barcelona-es","zona-eixample-esquerre-es"],"acf":[],"yoast_head":"<!-- This site is optimized with the Yoast SEO plugin v23.1 - https:\/\/yoast.com\/wordpress\/plugins\/seo\/ -->\n<title>Enten\u00e7a<\/title>\n<meta name=\"robots\" content=\"index, follow, max-snippet:-1, max-image-preview:large, max-video-preview:-1\" \/>\n<link rel=\"canonical\" href=\"https:\/\/www.salarich.net\/es\/immobles\/parquing-es\/barcelona-es\/entenca\/\" \/>\n<meta name=\"twitter:label1\" content=\"Tiempo de lectura\" \/>\n\t<meta name=\"twitter:data1\" content=\"1 minuto\" \/>\n<script type=\"application\/ld+json\" class=\"yoast-schema-graph\">{\"@context\":\"https:\/\/schema.org\",\"@graph\":[{\"@type\":\"WebPage\",\"@id\":\"https:\/\/www.salarich.net\/es\/immobles\/parquing-es\/barcelona-es\/entenca\/\",\"url\":\"https:\/\/www.salarich.net\/es\/immobles\/parquing-es\/barcelona-es\/entenca\/\",\"name\":\"Enten\u00e7a\",\"isPartOf\":{\"@id\":\"https:\/\/www.salarich.net\/#website\"},\"datePublished\":\"2021-11-30T17:45:31+00:00\",\"dateModified\":\"2023-10-24T14:51:15+00:00\",\"breadcrumb\":{\"@id\":\"https:\/\/www.salarich.net\/es\/immobles\/parquing-es\/barcelona-es\/entenca\/#breadcrumb\"},\"inLanguage\":\"es\",\"potentialAction\":[{\"@type\":\"ReadAction\",\"target\":[\"https:\/\/www.salarich.net\/es\/immobles\/parquing-es\/barcelona-es\/entenca\/\"]}]},{\"@type\":\"BreadcrumbList\",\"@id\":\"https:\/\/www.salarich.net\/es\/immobles\/parquing-es\/barcelona-es\/entenca\/#breadcrumb\",\"itemListElement\":[{\"@type\":\"ListItem\",\"position\":1,\"name\":\"Portada\",\"item\":\"https:\/\/www.salarich.net\/es\/\"},{\"@type\":\"ListItem\",\"position\":2,\"name\":\"Properties\",\"item\":\"https:\/\/www.salarich.net\/immobles\/\"},{\"@type\":\"ListItem\",\"position\":3,\"name\":\"Enten\u00e7a\"}]},{\"@type\":\"WebSite\",\"@id\":\"https:\/\/www.salarich.net\/#website\",\"url\":\"https:\/\/www.salarich.net\/\",\"name\":\"Salarich\",\"description\":\"\",\"publisher\":{\"@id\":\"https:\/\/www.salarich.net\/#organization\"},\"potentialAction\":[{\"@type\":\"SearchAction\",\"target\":{\"@type\":\"EntryPoint\",\"urlTemplate\":\"https:\/\/www.salarich.net\/?s={search_term_string}\"},\"query-input\":\"required name=search_term_string\"}],\"inLanguage\":\"es\"},{\"@type\":\"Organization\",\"@id\":\"https:\/\/www.salarich.net\/#organization\",\"name\":\"Salarich - Serveis Immobiliaris\",\"url\":\"https:\/\/www.salarich.net\/\",\"logo\":{\"@type\":\"ImageObject\",\"inLanguage\":\"es\",\"@id\":\"https:\/\/www.salarich.net\/#\/schema\/logo\/image\/\",\"url\":\"\",\"contentUrl\":\"\",\"caption\":\"Salarich - Serveis Immobiliaris\"},\"image\":{\"@id\":\"https:\/\/www.salarich.net\/#\/schema\/logo\/image\/\"}}]}<\/script>\n<!-- \/ Yoast SEO plugin. -->","yoast_head_json":{"title":"Enten\u00e7a","robots":{"index":"index","follow":"follow","max-snippet":"max-snippet:-1","max-image-preview":"max-image-preview:large","max-video-preview":"max-video-preview:-1"},"canonical":"https:\/\/www.salarich.net\/es\/immobles\/parquing-es\/barcelona-es\/entenca\/","twitter_misc":{"Tiempo de lectura":"1 minuto"},"schema":{"@context":"https:\/\/schema.org","@graph":[{"@type":"WebPage","@id":"https:\/\/www.salarich.net\/es\/immobles\/parquing-es\/barcelona-es\/entenca\/","url":"https:\/\/www.salarich.net\/es\/immobles\/parquing-es\/barcelona-es\/entenca\/","name":"Enten\u00e7a","isPartOf":{"@id":"https:\/\/www.salarich.net\/#website"},"datePublished":"2021-11-30T17:45:31+00:00","dateModified":"2023-10-24T14:51:15+00:00","breadcrumb":{"@id":"https:\/\/www.salarich.net\/es\/immobles\/parquing-es\/barcelona-es\/entenca\/#breadcrumb"},"inLanguage":"es","potentialAction":[{"@type":"ReadAction","target":["https:\/\/www.salarich.net\/es\/immobles\/parquing-es\/barcelona-es\/entenca\/"]}]},{"@type":"BreadcrumbList","@id":"https:\/\/www.salarich.net\/es\/immobles\/parquing-es\/barcelona-es\/entenca\/#breadcrumb","itemListElement":[{"@type":"ListItem","position":1,"name":"Portada","item":"https:\/\/www.salarich.net\/es\/"},{"@type":"ListItem","position":2,"name":"Properties","item":"https:\/\/www.salarich.net\/immobles\/"},{"@type":"ListItem","position":3,"name":"Enten\u00e7a"}]},{"@type":"WebSite","@id":"https:\/\/www.salarich.net\/#website","url":"https:\/\/www.salarich.net\/","name":"Salarich","description":"","publisher":{"@id":"https:\/\/www.salarich.net\/#organization"},"potentialAction":[{"@type":"SearchAction","target":{"@type":"EntryPoint","urlTemplate":"https:\/\/www.salarich.net\/?s={search_term_string}"},"query-input":"required name=search_term_string"}],"inLanguage":"es"},{"@type":"Organization","@id":"https:\/\/www.salarich.net\/#organization","name":"Salarich - Serveis Immobiliaris","url":"https:\/\/www.salarich.net\/","logo":{"@type":"ImageObject","inLanguage":"es","@id":"https:\/\/www.salarich.net\/#\/schema\/logo\/image\/","url":"","contentUrl":"","caption":"Salarich - Serveis Immobiliaris"},"image":{"@id":"https:\/\/www.salarich.net\/#\/schema\/logo\/image\/"}}]}},"_links":{"self":[{"href":"https:\/\/www.salarich.net\/es\/wp-json\/wp\/v2\/estate\/38859"}],"collection":[{"href":"https:\/\/www.salarich.net\/es\/wp-json\/wp\/v2\/estate"}],"about":[{"href":"https:\/\/www.salarich.net\/es\/wp-json\/wp\/v2\/types\/estate"}],"author":[{"embeddable":true,"href":"https:\/\/www.salarich.net\/es\/wp-json\/wp\/v2\/users\/1002"}],"wp:attachment":[{"href":"https:\/\/www.salarich.net\/es\/wp-json\/wp\/v2\/media?parent=38859"}],"wp:term":[{"taxonomy":"tipus-immoble","embeddable":true,"href":"https:\/\/www.salarich.net\/es\/wp-json\/wp\/v2\/tipus-immoble?post=38859"},{"taxonomy":"lloguer-venda","embeddable":true,"href":"https:\/\/www.salarich.net\/es\/wp-json\/wp\/v2\/lloguer-venda?post=38859"},{"taxonomy":"ciutat","embeddable":true,"href":"https:\/\/www.salarich.net\/es\/wp-json\/wp\/v2\/ciutat?post=38859"},{"taxonomy":"zona","embeddable":true,"href":"https:\/\/www.salarich.net\/es\/wp-json\/wp\/v2\/zona?post=38859"},{"taxonomy":"features","embeddable":true,"href":"https:\/\/www.salarich.net\/es\/wp-json\/wp\/v2\/features?post=38859"},{"taxonomy":"planta","embeddable":true,"href":"https:\/\/www.salarich.net\/es\/wp-json\/wp\/v2\/planta?post=38859"},{"taxonomy":"tour-virtual","embeddable":true,"href":"https:\/\/www.salarich.net\/es\/wp-json\/wp\/v2\/tour-virtual?post=38859"}],"curies":[{"name":"wp","href":"https:\/\/api.w.org\/{rel}","templated":true}]}}

Entença

<div class="wpb-content-wrapper"><p>[vc_row][vc_column][vc_column_text]Plaza de párquing de moto en alquiler en finca de vecinos en la calle Entença,<br />
Muy buena ubicación en pleno barrio de Sant Antoni.<br />
Disponemos de varias plazas disponibles de diferentes medidas y precios. en el mismo garaje.<br />
Para más información póngase en contacto con nostros.[/vc_column_text][/vc_column][/vc_row]</p>
</div>

<p>[vc_row][vc_column][vc_column_text]Plaza de párquing de moto en alquiler en finca de vecinos en la calle Entença, Muy buena ubicación en pleno barrio de Sant Antoni. Disponemos de varias plazas disponibles de diferentes medidas y precios. en el mismo garaje. Para más información póngase en contacto con nostros.[/vc_column_text][/vc_column][/vc_row]</p>

<!-- This site is optimized with the Yoast SEO plugin v23.1 - https://yoast.com/wordpress/plugins/seo/ -->
<title>Entença</title>
<meta name="robots" content="index, follow, max-snippet:-1, max-image-preview:large, max-video-preview:-1" />
<link rel="canonical" href="https://www.salarich.net/es/immobles/parquing-es/barcelona-es/entenca/" />
<meta name="twitter:label1" content="Tiempo de lectura" />
	<meta name="twitter:data1" content="1 minuto" />
<script type="application/ld+json" class="yoast-schema-graph">{"@context":"https://schema.org","@graph":[{"@type":"WebPage","@id":"https://www.salarich.net/es/immobles/parquing-es/barcelona-es/entenca/","url":"https://www.salarich.net/es/immobles/parquing-es/barcelona-es/entenca/","name":"Entença","isPartOf":{"@id":"https://www.salarich.net/#website"},"datePublished":"2021-11-30T17:45:31+00:00","dateModified":"2023-10-24T14:51:15+00:00","breadcrumb":{"@id":"https://www.salarich.net/es/immobles/parquing-es/barcelona-es/entenca/#breadcrumb"},"inLanguage":"es","potentialAction":[{"@type":"ReadAction","target":["https://www.salarich.net/es/immobles/parquing-es/barcelona-es/entenca/"]}]},{"@type":"BreadcrumbList","@id":"https://www.salarich.net/es/immobles/parquing-es/barcelona-es/entenca/#breadcrumb","itemListElement":[{"@type":"ListItem","position":1,"name":"Portada","item":"https://www.salarich.net/es/"},{"@type":"ListItem","position":2,"name":"Properties","item":"https://www.salarich.net/immobles/"},{"@type":"ListItem","position":3,"name":"Entença"}]},{"@type":"WebSite","@id":"https://www.salarich.net/#website","url":"https://www.salarich.net/","name":"Salarich","description":"","publisher":{"@id":"https://www.salarich.net/#organization"},"potentialAction":[{"@type":"SearchAction","target":{"@type":"EntryPoint","urlTemplate":"https://www.salarich.net/?s={search_term_string}"},"query-input":"required name=search_term_string"}],"inLanguage":"es"},{"@type":"Organization","@id":"https://www.salarich.net/#organization","name":"Salarich - Serveis Immobiliaris","url":"https://www.salarich.net/","logo":{"@type":"ImageObject","inLanguage":"es","@id":"https://www.salarich.net/#/schema/logo/image/","url":"","contentUrl":"","caption":"Salarich - Serveis Immobiliaris"},"image":{"@id":"https://www.salarich.net/#/schema/logo/image/"}}]}</script>
<!-- / Yoast SEO plugin. -->
