{"id":72799,"date":"2025-10-20T16:11:48","date_gmt":"2025-10-20T16:11:48","guid":{"rendered":"https:\/\/www.salarich.net\/?post_type=estate&#038;p=72799"},"modified":"2025-10-20T16:17:11","modified_gmt":"2025-10-20T16:17:11","slug":"juan-de-garay","status":"publish","type":"estate","link":"https:\/\/www.salarich.net\/es\/immobles\/local-es\/barcelona-es\/juan-de-garay\/","title":{"rendered":"Juan de Garay"},"content":{"rendered":"<p>Local comercial de 48m\u00b2 en alquiler situado en Navas de Tolosa.<\/p>\n<p>Consta de una sala exterior de 20m\u00b2 con mostrador, sala interior de 14m\u00b2, cocina, ba\u00f1o y c\u00e1mara frigor\u00edfica de 5m\u00b2. Tiene un patio de 3m\u00b2.<\/p>\n<p>Situado alrededor de comercios de proximidad, supermercados, restaurantes, escuelas y zonas verdes.<\/p>\n<p>\u00a1Ven a verlo!<\/p>\n","protected":false},"excerpt":{"rendered":"<p>Local comercial de 48m\u00b2 en alquiler situado en Navas de Tolosa. Consta de una sala exterior de 20m\u00b2 con mostrador, sala interior de 14m\u00b2, cocina, ba\u00f1o y c\u00e1mara frigor\u00edfica de 5m\u00b2. Tiene un patio de 3m\u00b2. Situado alrededor de comercios de proximidad, supermercados, restaurantes, escuelas y zonas verdes. \u00a1Ven a verlo!<\/p>\n","protected":false},"author":1003,"featured_media":0,"template":"","tipus-immoble":[583],"lloguer-venda":[588],"ciutat":[595],"zona":[621],"features":[705],"planta":[645],"tour-virtual":[],"class_list":["post-72799","estate","type-estate","status-publish","hentry","tipus-immoble-local-es","lloguer-venda-alquiler","ciutat-barcelona-es","zona-sant-andreu-es","features-patio","planta-bajos"],"acf":[],"yoast_head":"<!-- This site is optimized with the Yoast SEO plugin v23.1 - https:\/\/yoast.com\/wordpress\/plugins\/seo\/ -->\n<title>Juan de Garay<\/title>\n<meta name=\"robots\" content=\"index, follow, max-snippet:-1, max-image-preview:large, max-video-preview:-1\" \/>\n<link rel=\"canonical\" href=\"https:\/\/www.salarich.net\/es\/immobles\/local-es\/barcelona-es\/juan-de-garay\/\" \/>\n<script type=\"application\/ld+json\" class=\"yoast-schema-graph\">{\"@context\":\"https:\/\/schema.org\",\"@graph\":[{\"@type\":\"WebPage\",\"@id\":\"https:\/\/www.salarich.net\/es\/immobles\/local-es\/barcelona-es\/juan-de-garay\/\",\"url\":\"https:\/\/www.salarich.net\/es\/immobles\/local-es\/barcelona-es\/juan-de-garay\/\",\"name\":\"Juan de Garay\",\"isPartOf\":{\"@id\":\"https:\/\/www.salarich.net\/#website\"},\"datePublished\":\"2025-10-20T16:11:48+00:00\",\"dateModified\":\"2025-10-20T16:17:11+00:00\",\"breadcrumb\":{\"@id\":\"https:\/\/www.salarich.net\/es\/immobles\/local-es\/barcelona-es\/juan-de-garay\/#breadcrumb\"},\"inLanguage\":\"es\",\"potentialAction\":[{\"@type\":\"ReadAction\",\"target\":[\"https:\/\/www.salarich.net\/es\/immobles\/local-es\/barcelona-es\/juan-de-garay\/\"]}]},{\"@type\":\"BreadcrumbList\",\"@id\":\"https:\/\/www.salarich.net\/es\/immobles\/local-es\/barcelona-es\/juan-de-garay\/#breadcrumb\",\"itemListElement\":[{\"@type\":\"ListItem\",\"position\":1,\"name\":\"Portada\",\"item\":\"https:\/\/www.salarich.net\/es\/\"},{\"@type\":\"ListItem\",\"position\":2,\"name\":\"Properties\",\"item\":\"https:\/\/www.salarich.net\/immobles\/\"},{\"@type\":\"ListItem\",\"position\":3,\"name\":\"Juan de Garay\"}]},{\"@type\":\"WebSite\",\"@id\":\"https:\/\/www.salarich.net\/#website\",\"url\":\"https:\/\/www.salarich.net\/\",\"name\":\"Salarich\",\"description\":\"\",\"publisher\":{\"@id\":\"https:\/\/www.salarich.net\/#organization\"},\"potentialAction\":[{\"@type\":\"SearchAction\",\"target\":{\"@type\":\"EntryPoint\",\"urlTemplate\":\"https:\/\/www.salarich.net\/?s={search_term_string}\"},\"query-input\":\"required name=search_term_string\"}],\"inLanguage\":\"es\"},{\"@type\":\"Organization\",\"@id\":\"https:\/\/www.salarich.net\/#organization\",\"name\":\"Salarich - Serveis Immobiliaris\",\"url\":\"https:\/\/www.salarich.net\/\",\"logo\":{\"@type\":\"ImageObject\",\"inLanguage\":\"es\",\"@id\":\"https:\/\/www.salarich.net\/#\/schema\/logo\/image\/\",\"url\":\"\",\"contentUrl\":\"\",\"caption\":\"Salarich - Serveis Immobiliaris\"},\"image\":{\"@id\":\"https:\/\/www.salarich.net\/#\/schema\/logo\/image\/\"}}]}<\/script>\n<!-- \/ Yoast SEO plugin. -->","yoast_head_json":{"title":"Juan de Garay","robots":{"index":"index","follow":"follow","max-snippet":"max-snippet:-1","max-image-preview":"max-image-preview:large","max-video-preview":"max-video-preview:-1"},"canonical":"https:\/\/www.salarich.net\/es\/immobles\/local-es\/barcelona-es\/juan-de-garay\/","schema":{"@context":"https:\/\/schema.org","@graph":[{"@type":"WebPage","@id":"https:\/\/www.salarich.net\/es\/immobles\/local-es\/barcelona-es\/juan-de-garay\/","url":"https:\/\/www.salarich.net\/es\/immobles\/local-es\/barcelona-es\/juan-de-garay\/","name":"Juan de Garay","isPartOf":{"@id":"https:\/\/www.salarich.net\/#website"},"datePublished":"2025-10-20T16:11:48+00:00","dateModified":"2025-10-20T16:17:11+00:00","breadcrumb":{"@id":"https:\/\/www.salarich.net\/es\/immobles\/local-es\/barcelona-es\/juan-de-garay\/#breadcrumb"},"inLanguage":"es","potentialAction":[{"@type":"ReadAction","target":["https:\/\/www.salarich.net\/es\/immobles\/local-es\/barcelona-es\/juan-de-garay\/"]}]},{"@type":"BreadcrumbList","@id":"https:\/\/www.salarich.net\/es\/immobles\/local-es\/barcelona-es\/juan-de-garay\/#breadcrumb","itemListElement":[{"@type":"ListItem","position":1,"name":"Portada","item":"https:\/\/www.salarich.net\/es\/"},{"@type":"ListItem","position":2,"name":"Properties","item":"https:\/\/www.salarich.net\/immobles\/"},{"@type":"ListItem","position":3,"name":"Juan de Garay"}]},{"@type":"WebSite","@id":"https:\/\/www.salarich.net\/#website","url":"https:\/\/www.salarich.net\/","name":"Salarich","description":"","publisher":{"@id":"https:\/\/www.salarich.net\/#organization"},"potentialAction":[{"@type":"SearchAction","target":{"@type":"EntryPoint","urlTemplate":"https:\/\/www.salarich.net\/?s={search_term_string}"},"query-input":"required name=search_term_string"}],"inLanguage":"es"},{"@type":"Organization","@id":"https:\/\/www.salarich.net\/#organization","name":"Salarich - Serveis Immobiliaris","url":"https:\/\/www.salarich.net\/","logo":{"@type":"ImageObject","inLanguage":"es","@id":"https:\/\/www.salarich.net\/#\/schema\/logo\/image\/","url":"","contentUrl":"","caption":"Salarich - Serveis Immobiliaris"},"image":{"@id":"https:\/\/www.salarich.net\/#\/schema\/logo\/image\/"}}]}},"_links":{"self":[{"href":"https:\/\/www.salarich.net\/es\/wp-json\/wp\/v2\/estate\/72799"}],"collection":[{"href":"https:\/\/www.salarich.net\/es\/wp-json\/wp\/v2\/estate"}],"about":[{"href":"https:\/\/www.salarich.net\/es\/wp-json\/wp\/v2\/types\/estate"}],"author":[{"embeddable":true,"href":"https:\/\/www.salarich.net\/es\/wp-json\/wp\/v2\/users\/1003"}],"wp:attachment":[{"href":"https:\/\/www.salarich.net\/es\/wp-json\/wp\/v2\/media?parent=72799"}],"wp:term":[{"taxonomy":"tipus-immoble","embeddable":true,"href":"https:\/\/www.salarich.net\/es\/wp-json\/wp\/v2\/tipus-immoble?post=72799"},{"taxonomy":"lloguer-venda","embeddable":true,"href":"https:\/\/www.salarich.net\/es\/wp-json\/wp\/v2\/lloguer-venda?post=72799"},{"taxonomy":"ciutat","embeddable":true,"href":"https:\/\/www.salarich.net\/es\/wp-json\/wp\/v2\/ciutat?post=72799"},{"taxonomy":"zona","embeddable":true,"href":"https:\/\/www.salarich.net\/es\/wp-json\/wp\/v2\/zona?post=72799"},{"taxonomy":"features","embeddable":true,"href":"https:\/\/www.salarich.net\/es\/wp-json\/wp\/v2\/features?post=72799"},{"taxonomy":"planta","embeddable":true,"href":"https:\/\/www.salarich.net\/es\/wp-json\/wp\/v2\/planta?post=72799"},{"taxonomy":"tour-virtual","embeddable":true,"href":"https:\/\/www.salarich.net\/es\/wp-json\/wp\/v2\/tour-virtual?post=72799"}],"curies":[{"name":"wp","href":"https:\/\/api.w.org\/{rel}","templated":true}]}}

<p>Local comercial de 48m² en alquiler situado en Navas de Tolosa.</p>
<p>Consta de una sala exterior de 20m² con mostrador, sala interior de 14m², cocina, baño y cámara frigorífica de 5m². Tiene un patio de 3m².</p>
<p>Situado alrededor de comercios de proximidad, supermercados, restaurantes, escuelas y zonas verdes.</p>
<p>¡Ven a verlo!</p>

<p>Local comercial de 48m² en alquiler situado en Navas de Tolosa. Consta de una sala exterior de 20m² con mostrador, sala interior de 14m², cocina, baño y cámara frigorífica de 5m². Tiene un patio de 3m². Situado alrededor de comercios de proximidad, supermercados, restaurantes, escuelas y zonas verdes. ¡Ven a verlo!</p>
