{"id":73051,"date":"2025-11-12T12:53:38","date_gmt":"2025-11-12T12:53:38","guid":{"rendered":"https:\/\/www.salarich.net\/?post_type=estate&#038;p=73051"},"modified":"2025-11-12T12:55:30","modified_gmt":"2025-11-12T12:55:30","slug":"balmes","status":"publish","type":"estate","link":"https:\/\/www.salarich.net\/es\/immobles\/piso-es\/barcelona-es\/balmes\/","title":{"rendered":"Balmes"},"content":{"rendered":"<p>\u00a1Oportunidad \u00fanica en Sarri\u00e0-Sant Gervasi!<br \/>\nSalarich presenta en exclusiva este maravilloso piso en Sarri\u00e0-Sant Gervasi, Barcelona. Un espacio pensado para disfrutar cada d\u00eda con el m\u00e1ximo confort.<\/p>\n<p>Este inmueble ofrece 111 m\u00b2 perfectamente distribuidos, combinando amplitud, funcionalidad y calidez en una de las zonas m\u00e1s codiciadas de la ciudad.<br \/>\nEl piso dispone de 4 habitaciones, 1 ba\u00f1o y 1 aseo (con posibilidades de convertirlo en ba\u00f1o completo) lo que lo convierte en una opci\u00f3n ideal para familias. El sal\u00f3n-comedor es amplio y acogedor, perfecto para relajarse y compartir momentos en familia tras una jornada de trabajo. La cocina completamente equipada y con lavadero independiente, aporta practicidad y estilo al conjunto.<br \/>\nCuenta con sistemas de calefacci\u00f3n por radiadores, garantizando el confort durante todo el a\u00f1o. Los suelos de parquet de madera original aportan elegancia y calidez a cada estancia. Adem\u00e1s, la vivienda cuenta con ascensor en la finca y una excelente orientaci\u00f3n sur, que aporta abundante luz natural durante todo el d\u00eda.<\/p>\n<p>Se trata de un piso exterior, que ofrece una gran tranquilidad y un excelente aprovechamiento del espacio. Est\u00e1 muy bien comunicado, con paradas de transporte p\u00fablico cercanas, y rodeado de todos los servicios necesarios para disfrutar del d\u00eda a d\u00eda: comercios, colegios, zonas verdes y centros de ocio. Ubicado en el coraz\u00f3n de Barcelona, en el prestigioso barrio de Sarri\u00e0-Sant Gervasi, este piso representa una combinaci\u00f3n perfecta entre comodidad, estilo y ubicaci\u00f3n.<\/p>\n<p>\u00a1No dejes pasar esta oportunidad!<br \/>\nCont\u00e1ctanos y ven a descubrir tu pr\u00f3ximo hogar.<\/p>\n<p>En Salarich Administraci\u00f3n hace casi 70 a\u00f1os que trabajamos para ofrecer a nuestros clientes el mejor servicio en el \u00e1mbito de la administraci\u00f3n de fincas y la gesti\u00f3n de patrimonios inmobiliarios. Somos una empresa familiar con tres generaciones de historia, lo que nos ha permitido mantener nuestros valores inalterables a lo largo del tiempo. Nuestro trabajo consiste en realizar todos los tr\u00e1mites y gestiones necesarios para la intermediaci\u00f3n inmobiliaria. Disponemos de una amplia cartera de inmuebles de todo tipo. Adem\u00e1s, ofrecemos servicios inmobiliarios complementarios de alta calidad, como: &#8211; Gesti\u00f3n vertical y\/u horizontal de propiedades &#8211; Soluciones de financiaci\u00f3n para la compra o el alquiler de inmuebles. Desde Salarich sabemos que la compra de una vivienda es una gran responsabilidad y nuestro equipo estar\u00e1 a tu disposici\u00f3n para apoyarte en todo lo que necesites. \u00a1Te esperamos! El precio del inmueble no incluye impuestos, gastos notariales y registrales, honorarios de agencia y gesti\u00f3n hipotecaria (si procede).<\/p>\n","protected":false},"excerpt":{"rendered":"<p>\u00a1Oportunidad \u00fanica en Sarri\u00e0-Sant Gervasi! Salarich presenta en exclusiva este maravilloso piso en Sarri\u00e0-Sant Gervasi, Barcelona. Un espacio pensado para disfrutar cada d\u00eda con el m\u00e1ximo confort. Este inmueble ofrece 111 m\u00b2 perfectamente distribuidos, combinando amplitud, funcionalidad y calidez en una de las zonas m\u00e1s codiciadas de la ciudad. El piso dispone de 4 habitaciones, [&hellip;]<\/p>\n","protected":false},"author":1003,"featured_media":0,"template":"","tipus-immoble":[772],"lloguer-venda":[770],"ciutat":[595],"zona":[614],"features":[688,690,785,699,717,782,725,668,669],"planta":[779],"tour-virtual":[],"class_list":["post-73051","estate","type-estate","status-publish","hentry","tipus-immoble-piso-es","lloguer-venda-venta-es","ciutat-barcelona-es","zona-sarria-sant-gervasi-es","features-a-reformar","features-ascensor-es","features-calefaccion-es-2","features-certificado-energetico","features-exterior-es","features-habitacion-doble-es","features-habitacion-individual","features-lavadero","features-parket-es","planta-primero-es"],"acf":[],"yoast_head":"<!-- This site is optimized with the Yoast SEO plugin v23.1 - https:\/\/yoast.com\/wordpress\/plugins\/seo\/ -->\n<title>Balmes<\/title>\n<meta name=\"robots\" content=\"index, follow, max-snippet:-1, max-image-preview:large, max-video-preview:-1\" \/>\n<link rel=\"canonical\" href=\"https:\/\/www.salarich.net\/es\/immobles\/piso-es\/barcelona-es\/balmes\/\" \/>\n<meta name=\"twitter:label1\" content=\"Tiempo de lectura\" \/>\n\t<meta name=\"twitter:data1\" content=\"3 minutos\" \/>\n<script type=\"application\/ld+json\" class=\"yoast-schema-graph\">{\"@context\":\"https:\/\/schema.org\",\"@graph\":[{\"@type\":\"WebPage\",\"@id\":\"https:\/\/www.salarich.net\/es\/immobles\/piso-es\/barcelona-es\/balmes\/\",\"url\":\"https:\/\/www.salarich.net\/es\/immobles\/piso-es\/barcelona-es\/balmes\/\",\"name\":\"Balmes\",\"isPartOf\":{\"@id\":\"https:\/\/www.salarich.net\/#website\"},\"datePublished\":\"2025-11-12T12:53:38+00:00\",\"dateModified\":\"2025-11-12T12:55:30+00:00\",\"breadcrumb\":{\"@id\":\"https:\/\/www.salarich.net\/es\/immobles\/piso-es\/barcelona-es\/balmes\/#breadcrumb\"},\"inLanguage\":\"es\",\"potentialAction\":[{\"@type\":\"ReadAction\",\"target\":[\"https:\/\/www.salarich.net\/es\/immobles\/piso-es\/barcelona-es\/balmes\/\"]}]},{\"@type\":\"BreadcrumbList\",\"@id\":\"https:\/\/www.salarich.net\/es\/immobles\/piso-es\/barcelona-es\/balmes\/#breadcrumb\",\"itemListElement\":[{\"@type\":\"ListItem\",\"position\":1,\"name\":\"Portada\",\"item\":\"https:\/\/www.salarich.net\/es\/\"},{\"@type\":\"ListItem\",\"position\":2,\"name\":\"Properties\",\"item\":\"https:\/\/www.salarich.net\/immobles\/\"},{\"@type\":\"ListItem\",\"position\":3,\"name\":\"Balmes\"}]},{\"@type\":\"WebSite\",\"@id\":\"https:\/\/www.salarich.net\/#website\",\"url\":\"https:\/\/www.salarich.net\/\",\"name\":\"Salarich\",\"description\":\"\",\"publisher\":{\"@id\":\"https:\/\/www.salarich.net\/#organization\"},\"potentialAction\":[{\"@type\":\"SearchAction\",\"target\":{\"@type\":\"EntryPoint\",\"urlTemplate\":\"https:\/\/www.salarich.net\/?s={search_term_string}\"},\"query-input\":\"required name=search_term_string\"}],\"inLanguage\":\"es\"},{\"@type\":\"Organization\",\"@id\":\"https:\/\/www.salarich.net\/#organization\",\"name\":\"Salarich - Serveis Immobiliaris\",\"url\":\"https:\/\/www.salarich.net\/\",\"logo\":{\"@type\":\"ImageObject\",\"inLanguage\":\"es\",\"@id\":\"https:\/\/www.salarich.net\/#\/schema\/logo\/image\/\",\"url\":\"\",\"contentUrl\":\"\",\"caption\":\"Salarich - Serveis Immobiliaris\"},\"image\":{\"@id\":\"https:\/\/www.salarich.net\/#\/schema\/logo\/image\/\"}}]}<\/script>\n<!-- \/ Yoast SEO plugin. -->","yoast_head_json":{"title":"Balmes","robots":{"index":"index","follow":"follow","max-snippet":"max-snippet:-1","max-image-preview":"max-image-preview:large","max-video-preview":"max-video-preview:-1"},"canonical":"https:\/\/www.salarich.net\/es\/immobles\/piso-es\/barcelona-es\/balmes\/","twitter_misc":{"Tiempo de lectura":"3 minutos"},"schema":{"@context":"https:\/\/schema.org","@graph":[{"@type":"WebPage","@id":"https:\/\/www.salarich.net\/es\/immobles\/piso-es\/barcelona-es\/balmes\/","url":"https:\/\/www.salarich.net\/es\/immobles\/piso-es\/barcelona-es\/balmes\/","name":"Balmes","isPartOf":{"@id":"https:\/\/www.salarich.net\/#website"},"datePublished":"2025-11-12T12:53:38+00:00","dateModified":"2025-11-12T12:55:30+00:00","breadcrumb":{"@id":"https:\/\/www.salarich.net\/es\/immobles\/piso-es\/barcelona-es\/balmes\/#breadcrumb"},"inLanguage":"es","potentialAction":[{"@type":"ReadAction","target":["https:\/\/www.salarich.net\/es\/immobles\/piso-es\/barcelona-es\/balmes\/"]}]},{"@type":"BreadcrumbList","@id":"https:\/\/www.salarich.net\/es\/immobles\/piso-es\/barcelona-es\/balmes\/#breadcrumb","itemListElement":[{"@type":"ListItem","position":1,"name":"Portada","item":"https:\/\/www.salarich.net\/es\/"},{"@type":"ListItem","position":2,"name":"Properties","item":"https:\/\/www.salarich.net\/immobles\/"},{"@type":"ListItem","position":3,"name":"Balmes"}]},{"@type":"WebSite","@id":"https:\/\/www.salarich.net\/#website","url":"https:\/\/www.salarich.net\/","name":"Salarich","description":"","publisher":{"@id":"https:\/\/www.salarich.net\/#organization"},"potentialAction":[{"@type":"SearchAction","target":{"@type":"EntryPoint","urlTemplate":"https:\/\/www.salarich.net\/?s={search_term_string}"},"query-input":"required name=search_term_string"}],"inLanguage":"es"},{"@type":"Organization","@id":"https:\/\/www.salarich.net\/#organization","name":"Salarich - Serveis Immobiliaris","url":"https:\/\/www.salarich.net\/","logo":{"@type":"ImageObject","inLanguage":"es","@id":"https:\/\/www.salarich.net\/#\/schema\/logo\/image\/","url":"","contentUrl":"","caption":"Salarich - Serveis Immobiliaris"},"image":{"@id":"https:\/\/www.salarich.net\/#\/schema\/logo\/image\/"}}]}},"_links":{"self":[{"href":"https:\/\/www.salarich.net\/es\/wp-json\/wp\/v2\/estate\/73051"}],"collection":[{"href":"https:\/\/www.salarich.net\/es\/wp-json\/wp\/v2\/estate"}],"about":[{"href":"https:\/\/www.salarich.net\/es\/wp-json\/wp\/v2\/types\/estate"}],"author":[{"embeddable":true,"href":"https:\/\/www.salarich.net\/es\/wp-json\/wp\/v2\/users\/1003"}],"wp:attachment":[{"href":"https:\/\/www.salarich.net\/es\/wp-json\/wp\/v2\/media?parent=73051"}],"wp:term":[{"taxonomy":"tipus-immoble","embeddable":true,"href":"https:\/\/www.salarich.net\/es\/wp-json\/wp\/v2\/tipus-immoble?post=73051"},{"taxonomy":"lloguer-venda","embeddable":true,"href":"https:\/\/www.salarich.net\/es\/wp-json\/wp\/v2\/lloguer-venda?post=73051"},{"taxonomy":"ciutat","embeddable":true,"href":"https:\/\/www.salarich.net\/es\/wp-json\/wp\/v2\/ciutat?post=73051"},{"taxonomy":"zona","embeddable":true,"href":"https:\/\/www.salarich.net\/es\/wp-json\/wp\/v2\/zona?post=73051"},{"taxonomy":"features","embeddable":true,"href":"https:\/\/www.salarich.net\/es\/wp-json\/wp\/v2\/features?post=73051"},{"taxonomy":"planta","embeddable":true,"href":"https:\/\/www.salarich.net\/es\/wp-json\/wp\/v2\/planta?post=73051"},{"taxonomy":"tour-virtual","embeddable":true,"href":"https:\/\/www.salarich.net\/es\/wp-json\/wp\/v2\/tour-virtual?post=73051"}],"curies":[{"name":"wp","href":"https:\/\/api.w.org\/{rel}","templated":true}]}}

<p>¡Oportunidad única en Sarrià-Sant Gervasi!<br />
Salarich presenta en exclusiva este maravilloso piso en Sarrià-Sant Gervasi, Barcelona. Un espacio pensado para disfrutar cada día con el máximo confort.</p>
<p>Este inmueble ofrece 111 m² perfectamente distribuidos, combinando amplitud, funcionalidad y calidez en una de las zonas más codiciadas de la ciudad.<br />
El piso dispone de 4 habitaciones, 1 baño y 1 aseo (con posibilidades de convertirlo en baño completo) lo que lo convierte en una opción ideal para familias. El salón-comedor es amplio y acogedor, perfecto para relajarse y compartir momentos en familia tras una jornada de trabajo. La cocina completamente equipada y con lavadero independiente, aporta practicidad y estilo al conjunto.<br />
Cuenta con sistemas de calefacción por radiadores, garantizando el confort durante todo el año. Los suelos de parquet de madera original aportan elegancia y calidez a cada estancia. Además, la vivienda cuenta con ascensor en la finca y una excelente orientación sur, que aporta abundante luz natural durante todo el día.</p>
<p>Se trata de un piso exterior, que ofrece una gran tranquilidad y un excelente aprovechamiento del espacio. Está muy bien comunicado, con paradas de transporte público cercanas, y rodeado de todos los servicios necesarios para disfrutar del día a día: comercios, colegios, zonas verdes y centros de ocio. Ubicado en el corazón de Barcelona, en el prestigioso barrio de Sarrià-Sant Gervasi, este piso representa una combinación perfecta entre comodidad, estilo y ubicación.</p>
<p>¡No dejes pasar esta oportunidad!<br />
Contáctanos y ven a descubrir tu próximo hogar.</p>
<p>En Salarich Administración hace casi 70 años que trabajamos para ofrecer a nuestros clientes el mejor servicio en el ámbito de la administración de fincas y la gestión de patrimonios inmobiliarios. Somos una empresa familiar con tres generaciones de historia, lo que nos ha permitido mantener nuestros valores inalterables a lo largo del tiempo. Nuestro trabajo consiste en realizar todos los trámites y gestiones necesarios para la intermediación inmobiliaria. Disponemos de una amplia cartera de inmuebles de todo tipo. Además, ofrecemos servicios inmobiliarios complementarios de alta calidad, como: &#8211; Gestión vertical y/u horizontal de propiedades &#8211; Soluciones de financiación para la compra o el alquiler de inmuebles. Desde Salarich sabemos que la compra de una vivienda es una gran responsabilidad y nuestro equipo estará a tu disposición para apoyarte en todo lo que necesites. ¡Te esperamos! El precio del inmueble no incluye impuestos, gastos notariales y registrales, honorarios de agencia y gestión hipotecaria (si procede).</p>

<p>¡Oportunidad única en Sarrià-Sant Gervasi! Salarich presenta en exclusiva este maravilloso piso en Sarrià-Sant Gervasi, Barcelona. Un espacio pensado para disfrutar cada día con el máximo confort. Este inmueble ofrece 111 m² perfectamente distribuidos, combinando amplitud, funcionalidad y calidez en una de las zonas más codiciadas de la ciudad. El piso dispone de 4 habitaciones, [&hellip;]</p>
